{"id":1467,"date":"2023-08-29T15:06:47","date_gmt":"2023-08-29T14:06:47","guid":{"rendered":"https:\/\/www.dentmedika.cz\/?page_id=1467"},"modified":"2026-08-28T20:04:32","modified_gmt":"2026-08-28T19:04:32","slug":"materska","status":"publish","type":"page","link":"https:\/\/www.dentmedika.cz\/","title":{"rendered":"Mate\u0159sk\u00e1"},"content":{"rendered":"\t\t<div data-elementor-type=\"wp-page\" data-elementor-id=\"1467\" class=\"elementor elementor-1467\">\n\t\t\t\t\t\t<section class=\"elementor-section elementor-top-section elementor-element elementor-element-1ede332e elementor-section-content-middle elementor-section-boxed elementor-section-height-default elementor-section-height-default\" data-id=\"1ede332e\" data-element_type=\"section\" data-e-type=\"section\">\n\t\t\t\t\t\t\t<div class=\"elementor-background-overlay\"><\/div>\n\t\t\t\t\t\t\t<div class=\"elementor-container elementor-column-gap-default\">\n\t\t\t\t\t<div class=\"elementor-column elementor-col-100 elementor-top-column elementor-element elementor-element-17db97dc\" data-id=\"17db97dc\" data-element_type=\"column\" data-e-type=\"column\" data-settings=\"{&quot;background_background&quot;:&quot;classic&quot;}\">\n\t\t\t<div class=\"elementor-widget-wrap elementor-element-populated\">\n\t\t\t\t\t\t<div class=\"elementor-element elementor-element-c6c4f1e bdt-backdrop-filter-yes elementor-widget__width-initial bdt-filter-backdrop elementor-widget elementor-widget-text-editor\" data-id=\"c6c4f1e\" data-element_type=\"widget\" data-e-type=\"widget\" data-widget_type=\"text-editor.default\">\n\t\t\t\t\t\t\t\t\t<p style=\"text-align: left;\"><strong><span style=\"color: #ff0000;\">Ve dnech 1. a 2.9.2026 je ordinace MDDr. Widad Zavadilov\u00e9 uzav\u0159ena. <\/span><\/strong><\/p>\n<p style=\"text-align: left;\"><strong><span style=\"color: #ff0000;\">Od 9.9. do 16.9.2026 m\u00e1 MDDr, Zavadilov\u00e1 dovolenou. V toto term\u00ednu o\u0161et\u0159\u00ed akutn\u00ed p\u0159\u00edpady MDDr. Kyli\u00e1nkov\u00e1 po p\u0159edchoz\u00ed domluv\u011b.\u00a0<\/span><\/strong><\/p>\t\t\t\t\t\t\t\t<\/div>\n\t\t\t\t\t<\/div>\n\t\t<\/div>\n\t\t\t\t\t<\/div>\n\t\t<\/section>\n\t\t\t\t<\/div>\n\t\t","protected":false},"excerpt":{"rendered":"<p>Ve dnech 1. a 2.9.2026 je ordinace MDDr. Widad Zavadilov\u00e9 uzav\u0159ena. Od 9.9. do 16.9.2026 m\u00e1 MDDr, Zavadilov\u00e1 dovolenou. V toto term\u00ednu o\u0161et\u0159\u00ed akutn\u00ed p\u0159\u00edpady MDDr. Kyli\u00e1nkov\u00e1 po p\u0159edchoz\u00ed domluv\u011b.\u00a0<\/p>\n","protected":false},"author":1,"featured_media":0,"parent":0,"menu_order":0,"comment_status":"closed","ping_status":"closed","template":"","meta":{"footnotes":""},"class_list":["post-1467","page","type-page","status-publish","hentry"],"_links":{"self":[{"href":"https:\/\/www.dentmedika.cz\/index.php?rest_route=\/wp\/v2\/pages\/1467","targetHints":{"allow":["GET"]}}],"collection":[{"href":"https:\/\/www.dentmedika.cz\/index.php?rest_route=\/wp\/v2\/pages"}],"about":[{"href":"https:\/\/www.dentmedika.cz\/index.php?rest_route=\/wp\/v2\/types\/page"}],"author":[{"embeddable":true,"href":"https:\/\/www.dentmedika.cz\/index.php?rest_route=\/wp\/v2\/users\/1"}],"replies":[{"embeddable":true,"href":"https:\/\/www.dentmedika.cz\/index.php?rest_route=%2Fwp%2Fv2%2Fcomments&post=1467"}],"version-history":[{"count":121,"href":"https:\/\/www.dentmedika.cz\/index.php?rest_route=\/wp\/v2\/pages\/1467\/revisions"}],"predecessor-version":[{"id":1745,"href":"https:\/\/www.dentmedika.cz\/index.php?rest_route=\/wp\/v2\/pages\/1467\/revisions\/1745"}],"wp:attachment":[{"href":"https:\/\/www.dentmedika.cz\/index.php?rest_route=%2Fwp%2Fv2%2Fmedia&parent=1467"}],"curies":[{"name":"wp","href":"https:\/\/api.w.org\/{rel}","templated":true}]}}

Mateřská

<div data-elementor-type="wp-page" data-elementor-id="1467" class="elementor elementor-1467">
						<section class="elementor-section elementor-top-section elementor-element elementor-element-1ede332e elementor-section-content-middle elementor-section-boxed elementor-section-height-default elementor-section-height-default" data-id="1ede332e" data-element_type="section" data-e-type="section">
							<div class="elementor-background-overlay"></div>
							<div class="elementor-container elementor-column-gap-default">
					<div class="elementor-column elementor-col-100 elementor-top-column elementor-element elementor-element-17db97dc" data-id="17db97dc" data-element_type="column" data-e-type="column" data-settings="{&quot;background_background&quot;:&quot;classic&quot;}">
			<div class="elementor-widget-wrap elementor-element-populated">
						<div class="elementor-element elementor-element-c6c4f1e bdt-backdrop-filter-yes elementor-widget__width-initial bdt-filter-backdrop elementor-widget elementor-widget-text-editor" data-id="c6c4f1e" data-element_type="widget" data-e-type="widget" data-widget_type="text-editor.default">
									<p style="text-align: left;"><strong><span style="color: #ff0000;">Ve dnech 1. a 2.9.2026 je ordinace MDDr. Widad Zavadilové uzavřena. </span></strong></p>
<p style="text-align: left;"><strong><span style="color: #ff0000;">Od 9.9. do 16.9.2026 má MDDr, Zavadilová dovolenou. V toto termínu ošetří akutní případy MDDr. Kyliánková po předchozí domluvě. </span></strong></p>								</div>
					</div>
		</div>
					</div>
		</section>
				</div>

<p>Ve dnech 1. a 2.9.2026 je ordinace MDDr. Widad Zavadilové uzavřena. Od 9.9. do 16.9.2026 má MDDr, Zavadilová dovolenou. V toto termínu ošetří akutní případy MDDr. Kyliánková po předchozí domluvě. </p>
